{"version":"1.0","provider_name":"","provider_url":"https:\/\/melaniebonnet-psychologue.com","author_name":"admin6544","author_url":"https:\/\/melaniebonnet-psychologue.com\/index.php\/author\/admin6544\/","title":"Analyse de la pratique professionnelle -","type":"rich","width":600,"height":338,"html":"<blockquote class=\"wp-embedded-content\" data-secret=\"Ws9sIOF5Gl\"><a href=\"https:\/\/melaniebonnet-psychologue.com\/index.php\/analyse-de-la-pratique-professionnelle\/\">Analyse de la pratique professionnelle<\/a><\/blockquote><iframe sandbox=\"allow-scripts\" security=\"restricted\" src=\"https:\/\/melaniebonnet-psychologue.com\/index.php\/analyse-de-la-pratique-professionnelle\/embed\/#?secret=Ws9sIOF5Gl\" width=\"600\" height=\"338\" title=\"\u00ab\u00a0Analyse de la pratique professionnelle\u00a0\u00bb &#8212; \" data-secret=\"Ws9sIOF5Gl\" frameborder=\"0\" marginwidth=\"0\" marginheight=\"0\" scrolling=\"no\" class=\"wp-embedded-content\"><\/iframe><script type=\"text\/javascript\">\n\/*! This file is auto-generated *\/\n!function(c,d){\"use strict\";var e=!1,o=!1;if(d.querySelector)if(c.addEventListener)e=!0;if(c.wp=c.wp||{},c.wp.receiveEmbedMessage);else if(c.wp.receiveEmbedMessage=function(e){var t=e.data;if(!t);else if(!(t.secret||t.message||t.value));else if(\/[^a-zA-Z0-9]\/.test(t.secret));else{for(var r,s,a,i=d.querySelectorAll('iframe[data-secret=\"'+t.secret+'\"]'),n=d.querySelectorAll('blockquote[data-secret=\"'+t.secret+'\"]'),o=new RegExp(\"^https?:$\",\"i\"),l=0;l<n.length;l++)n[l].style.display=\"none\";for(l=0;l<i.length;l++)if(r=i[l],e.source!==r.contentWindow);else{if(r.removeAttribute(\"style\"),\"height\"===t.message){if(1e3<(s=parseInt(t.value,10)))s=1e3;else if(~~s<200)s=200;r.height=s}if(\"link\"===t.message)if(s=d.createElement(\"a\"),a=d.createElement(\"a\"),s.href=r.getAttribute(\"src\"),a.href=t.value,!o.test(a.protocol));else if(a.host===s.host)if(d.activeElement===r)c.top.location.href=t.value}}},e)c.addEventListener(\"message\",c.wp.receiveEmbedMessage,!1),d.addEventListener(\"DOMContentLoaded\",t,!1),c.addEventListener(\"load\",t,!1);function t(){if(o);else{o=!0;for(var e,t,r,s=-1!==navigator.appVersion.indexOf(\"MSIE 10\"),a=!!navigator.userAgent.match(\/Trident.*rv:11\\.\/),i=d.querySelectorAll(\"iframe.wp-embedded-content\"),n=0;n<i.length;n++){if(!(r=(t=i[n]).getAttribute(\"data-secret\")))r=Math.random().toString(36).substr(2,10),t.src+=\"#?secret=\"+r,t.setAttribute(\"data-secret\",r);if(s||a)(e=t.cloneNode(!0)).removeAttribute(\"security\"),t.parentNode.replaceChild(e,t);t.contentWindow.postMessage({message:\"ready\",secret:r},\"*\")}}}}(window,document);\n<\/script>\n","thumbnail_url":"https:\/\/melaniebonnet-psychologue.com\/wp-content\/uploads\/2023\/04\/tiendat-nguyen-WY5kuE0R4-k-unsplash-scaled.jpg","thumbnail_width":2560,"thumbnail_height":1707,"description":"C&rsquo;est un temps de prise de distance afin de se rep\u00e9rer dans la complexit\u00e9 des situations professionnelles rencontr\u00e9es, de mieux identifier les places et positionnements de chacun. Elle permet la reprise des situations professionnelles rencontr\u00e9es et favorise : La prise de recul sur leur activit\u00e9 Le partage avec les coll\u00e8gues et la confrontation des pratiques&hellip; Lire la suite"}

C&rsquo;est un temps de prise de distance afin de se repérer dans la complexité des situations professionnelles rencontrées, de mieux identifier les places et positionnements de chacun. Elle permet la reprise des situations professionnelles rencontrées et favorise : La prise de recul sur leur activité Le partage avec les collègues et la confrontation des pratiques&hellip; Lire la suite
